t are the prime factors of 23516959?
23516959
What are the prime factors of 21933948?
2, 3, 1827829
List the prime factors of 2554368124.
2, 7, 11, 97, 193, 443
What are the prime factors of 23302253?
13, 937, 1913
List the prime factors of 25541066.
2, 61, 209353
List the prime factors of 22753966.
2, 43, 264581
List the prime factors of 926878577.
19, 48783083
What are the prime factors of 1653280919?
1653280919
What are the prime factors of 2648623364?
2, 67, 9882923
What are the prime factors of 40229883?
3, 4469987
List the prime factors of 788293414.
2, 4871, 80917
What are the prime factors of 215046527?
23, 9349849
What are the prime factors of 79994389?
19, 353, 11927
What are the prime factors of 1779485646?
2, 3, 29, 127, 80527
List the prime factors of 3510873786.
2, 3, 7, 1427, 58579
List the prime factors of 2303102703.
3, 11, 37, 1886243
What are the prime factors of 128150024?
2, 16018753
List the prime factors of 151775059.
19, 1579, 5059
What are the prime factors of 570107166?
2, 3, 95017861
What are the prime factors of 1536260767?
7013, 219059
List the prime factors of 83743108.
2, 19, 1101883
What are the prime factors of 1620975730?
2, 5, 11, 43, 97, 3533
List the prime factors of 132078312.
2, 3, 1834421
What are the prime factors of 11651219?
347, 33577
What are the prime factors of 1098342653?
1098342653
What are the prime factors of 1707037686?
2, 3, 211, 233, 643
List the prime factors of 41404023.
3, 4600447
List the prime factors of 433501394.
2, 17, 1409, 9049
What are the prime factors of 850715675?
5, 34028627
What are the prime factors of 76426768?
2, 11, 434243
List the prime factors of 1005841109.
7, 13, 463, 23873
What are the prime factors of 81545337?
3, 9060593
List the prime factors of 687613295.
5, 67, 2052577
What are the prime factors of 189614471?
19, 101, 98809
What are the prime factors of 4265047497?
3, 79, 17995981
List the prime factors of 133385174.
2, 13, 1777, 2887
What are the prime factors of 60108197?
59, 89, 11447
What are the prime factors of 122534351?
17, 31, 232513
List the prime factors of 34395213.
3, 31, 369841
What are the prime factors of 76544849?
76544849
What are the prime factors of 128313048?
2, 3, 277, 19301
What are the prime factors of 2567852806?
2, 239, 5372077
What are the prime factors of 262121961?
3, 23, 47, 131, 617
What are the prime factors of 1705787556?
2, 3, 11, 12922633
List the prime factors of 29344795.
5, 5868959
List the prime factors of 145567881.
3, 673, 8011
List the prime factors of 69384788.
2, 11, 143357
What are the prime factors of 171552384?
2, 3, 49639
List the prime factors of 1082917991.
97, 11164103
List the prime factors of 44679738.
2, 3, 7446623
What are the prime factors of 1627416529?
59, 27583331
What are the prime factors of 39021745?
5, 7, 1114907
List the prime factors of 3062862749.
17, 10598141
What are the prime factors of 56658868?
2, 7, 2023531
What are the prime factors of 360011625?
3, 5, 960031
List the prime factors of 232131463.
41, 5661743
What are the prime factors of 157654979?
223, 706973
List the prime factors of 78588612.
2, 3, 53, 41189
List the prime factors of 1211986473.
3, 29, 13930879
What are the prime factors of 16525100?
2, 5, 257, 643
What are the prime factors of 173289646?
2, 86644823
List the prime factors of 36280368.
2, 3, 251947
What are the prime factors of 231276806?
2, 17, 6802259
What are the prime factors of 1387073500?
2, 5, 971, 2857
List the prime factors of 355803276.
2, 3, 59, 197, 2551
What are the prime factors of 31864464?
2, 3, 221281
List the prime factors of 7111724016.
2, 3, 19, 23, 53, 6397
List the prime factors of 4701953322.
2, 3, 11, 61, 389299
What are the prime factors of 2126066047?
7, 19, 2283637
What are the prime factors of 799479789?
3, 266493263
What are the prime factors of 46424983?
11, 71, 59443
List the prime factors of 160444859.
1931, 83089
List the prime factors of 76408990.
2, 5, 7, 23, 47459
What are the prime factors of 201641946?
2, 3, 11, 19, 113, 1423
List the prime factors of 144319787.
31, 293, 15889
What are the prime factors of 174811157?
174811157
What are the prime factors of 147018577?
317, 463781
List the prime factors of 58275774.
2, 3, 19, 6311
List the prime factors of 442658516.
2, 113, 979333
What are the prime factors of 9418868?
2, 23, 37, 2767
List the prime factors of 95607495.
3, 5, 53, 40087
What are the prime factors of 3497220141?
3, 449, 2596303
What are the prime factors of 601629424?
2, 11, 109, 2851
List the prime factors of 735693640.
2, 5, 11, 23, 139, 523
List the prime factors of 77194538.
2, 59, 654191
List the prime factors of 487660456.
2, 60957557
List the prime factors of 26906154.
2, 3, 11, 407669
What are the prime factors of 21115071?
3, 17, 138007
What are the prime factors of 67199230?
2, 5, 7, 53, 59, 307
List the prime factors of 201932940.
2, 3, 5, 11, 271, 1129
List the prime factors of 36010673.
36010673
What are the prime factors of 91531841?
199, 353, 1303
List the prime factors of 5296716.
2, 3, 23, 6397
List the prime factors of 385149045.
3, 5, 25676603
What are the prime factors of 5494496402?
2, 73, 37633537
What are the prime factors of 603927293?
19, 191, 166417
What are the prime factors of 520184900?
2, 5, 5201849
List the prime factors of 161663024.
2, 71, 101, 1409
What are the prime factors of 4894610116?
2, 11, 131, 313, 2713
List the prime factors of 22194685.
5, 137, 32401
What are the prime factors of 245589520?
2, 5, 11, 73, 3823
List the prime factors of 259298848.
2, 97, 83537
List the prime factors of 84181846.
2, 7, 487, 12347
What are the prime factors of 274040592?
2, 3, 7, 653, 1249
List the prime factors of 127220651.
29, 4386919
What are the prime factors of 880036137?
3, 179, 182089
List the prime factors of 592073797.
7, 23, 3677477
What are the prime factors of 527951125?
5, 13, 324893
What are the prime factors of 29188038?
2, 3, 11, 442243
What are the prime factors of 13447155?
3, 5, 19, 29, 1627
List the prime factors of 170994844.
2, 42748711
What are the prime factors of 275387174?
2, 10223, 13469
What are the prime factors of 26811930?
2, 3, 5, 103, 8677
What are the prime factors of 6905644?
2, 1726411
What are the prime factors of 444028671?
3, 49336519
What are the prime factors of 47891773?
23, 113, 18427
List the prime factors of 1095212.
2, 273803
List the prime factors of 743191781.
743191781
What are the prime factors of 7519578964?
2, 1103, 1704347
List the prime factors of 230453554.
2, 73, 1217, 1297
List the prime factors of 167416430.
2, 5, 31, 613, 881
What are the prime factors of 2023889372?
2, 17, 47, 633257
List the prime factors of 37294040.
2, 5, 7, 23, 5791
List the prime factors of 2182968.
2, 3, 30319
What are the prime factors of 290141834?
2, 31, 4679707
What are the prime factors of 121070290?
2, 5, 11, 37, 151, 197
What are the prime factors of 13104814?
2, 73, 89759
List the prime factors of 2813259232.
2, 7, 12559193
List the prime factors of 1447712177.
727, 1991351
What are the prime factors of 29207151?
3, 3245239
What are the prime factors of 607042037?
7, 109, 113657
List the prime factors of 83570536.
2, 7, 1492331
List the prime factors of 30357036.
2, 3, 17, 49603
What are the prime factors of 104476234?
2, 37, 443, 3187
What are the prime factors of 109427057?
109427057
What are the prime factors of 126766705?
5, 13, 17, 89, 1289
What are the prime factors of 334980671?
23, 1543, 9439
List the prime factors of 21297528.
2, 3, 7, 42257
What are the prime factors of 1088050557?
3, 11, 32971229
What are the prime factors of 43399478?
2, 21699739
What are the prime factors of 614657479?
997, 616507
List the prime factors of 1112425134.
2, 3, 185404189
What are the prime factors of 298703718?
2, 3, 16594651
List the prime factors of 100819205.
5, 41, 73, 6737
List the prime factors of 116006080.
2, 5, 227, 1597
List the prime factors of 202506488.
2, 107, 236573
What are the prime factors of 46415409?
3, 563, 27481
List the prime factors of 84501930.
2, 3, 5, 19, 148249
What are the prime factors of 47080002?
2, 3, 7846667
List the prime factors of 13811318.
2, 139, 49681
List the prime factors of 30771038.
2, 89, 172871
List the prime facto